{"id":369,"date":"2016-08-25T19:33:30","date_gmt":"2016-08-25T18:33:30","guid":{"rendered":"http:\/\/www.b-school.be\/wordpress\/?page_id=369"},"modified":"2021-09-17T15:19:31","modified_gmt":"2021-09-17T14:19:31","slug":"module-de-suivi-des-eleves","status":"publish","type":"page","link":"http:\/\/www.b-school.be\/wordpress\/module-de-suivi-des-eleves\/","title":{"rendered":"Module de suivi des \u00e9l\u00e8ves"},"content":{"rendered":"\t\t<div data-elementor-type=\"wp-page\" data-elementor-id=\"369\" class=\"elementor elementor-369\" data-elementor-settings=\"[]\">\n\t\t\t\t\t\t<div class=\"elementor-inner\">\n\t\t\t\t\t\t\t<div class=\"elementor-section-wrap\">\n\t\t\t\t\t\t\t<section class=\"elementor-section elementor-top-section elementor-element elementor-element-4cb48f9d elementor-section-boxed elementor-section-height-default elementor-section-height-default\" data-id=\"4cb48f9d\" data-element_type=\"section\">\n\t\t\t\t\t\t<div class=\"elementor-container elementor-column-gap-default\">\n\t\t\t\t\t\t\t<div class=\"elementor-row\">\n\t\t\t\t\t<div class=\"elementor-column elementor-col-100 elementor-top-column elementor-element elementor-element-758c575a\" data-id=\"758c575a\" data-element_type=\"column\">\n\t\t\t<div class=\"elementor-column-wrap elementor-element-populated\">\n\t\t\t\t\t\t\t<div class=\"elementor-widget-wrap\">\n\t\t\t\t\t\t<div class=\"elementor-element elementor-element-4d87dfc2 elementor-widget elementor-widget-text-editor\" data-id=\"4d87dfc2\" data-element_type=\"widget\" data-widget_type=\"text-editor.default\">\n\t\t\t\t<div class=\"elementor-widget-container\">\n\t\t\t\t\t\t\t\t<div class=\"elementor-text-editor elementor-clearfix\">\n\t\t\t\t<p><strong><span style=\"color: ##eb6038;\"> Caract\u00e9ristiques :<\/span><\/strong><\/p>\n<ul>\n<li>Dossier de suivi de l\u2019\u00e9l\u00e8ve (notamment PIA) ;<\/li>\n<li>Structure du module 100% personnalisable (cr\u00e9ation d&rsquo;onglets et de formulaires) ;<\/li>\n<li>Param\u00e9trisation de la confidentialit\u00e9 de l\u2019information ;<\/li>\n<li>Possibilit\u00e9 d\u2019ajout de rem\u00e9diation (cours\/professeur\/autre) ;<\/li>\n<li>Historique du dossier de l\u2019\u00e9l\u00e8ve ;<\/li>\n<li>Partage des informations avec les personnes concern\u00e9es qui re\u00e7oivent une notification le cas \u00e9ch\u00e9ant ;<\/li>\n<li>&#8230;<\/li>\n<\/ul>\n<!-- wp:image {\"align\":\"center\",\"id\":1368,\"sizeSlug\":\"full\",\"linkDestination\":\"media\"} -->\n<div class=\"wp-block-image\">\n<figure class=\"aligncenter size-full\"><a href=\"http:\/\/www.b-school.be\/wordpress\/wp-content\/uploads\/2021\/09\/suivi-eleve.png\"><img loading=\"lazy\" width=\"125\" height=\"120\" class=\"wp-image-1368\" src=\"http:\/\/www.b-school.be\/wordpress\/wp-content\/uploads\/2021\/09\/suivi-eleve.png\" alt=\"\" srcset=\"http:\/\/www.b-school.be\/wordpress\/wp-content\/uploads\/2021\/09\/suivi-eleve.png 125w, http:\/\/www.b-school.be\/wordpress\/wp-content\/uploads\/2021\/09\/suivi-eleve-63x60.png 63w\" sizes=\"(max-width: 125px) 100vw, 125px\" \/><\/a><\/figure>\n<\/div>\n<!-- \/wp:image -->\t\t\t\t\t<\/div>\n\t\t\t\t\t\t<\/div>\n\t\t\t\t<\/div>\n\t\t\t\t\t\t<\/div>\n\t\t\t\t\t<\/div>\n\t\t<\/div>\n\t\t\t\t\t\t\t\t<\/div>\n\t\t\t\t\t<\/div>\n\t\t<\/section>\n\t\t\t\t\t\t<\/div>\n\t\t\t\t\t\t<\/div>\n\t\t\t\t\t<\/div>\n\t\t","protected":false},"excerpt":{"rendered":"<p>Caract\u00e9ristiques : Dossier de suivi de l\u2019\u00e9l\u00e8ve (notamment PIA) ; Structure du module 100% personnalisable (cr\u00e9ation d&rsquo;onglets et de formulaires) ; Param\u00e9trisation de la confidentialit\u00e9 &hellip; <\/p>\n","protected":false},"author":1,"featured_media":0,"parent":0,"menu_order":0,"comment_status":"closed","ping_status":"closed","template":"","meta":[],"_links":{"self":[{"href":"http:\/\/www.b-school.be\/wordpress\/wp-json\/wp\/v2\/pages\/369"}],"collection":[{"href":"http:\/\/www.b-school.be\/wordpress\/wp-json\/wp\/v2\/pages"}],"about":[{"href":"http:\/\/www.b-school.be\/wordpress\/wp-json\/wp\/v2\/types\/page"}],"author":[{"embeddable":true,"href":"http:\/\/www.b-school.be\/wordpress\/wp-json\/wp\/v2\/users\/1"}],"replies":[{"embeddable":true,"href":"http:\/\/www.b-school.be\/wordpress\/wp-json\/wp\/v2\/comments?post=369"}],"version-history":[{"count":14,"href":"http:\/\/www.b-school.be\/wordpress\/wp-json\/wp\/v2\/pages\/369\/revisions"}],"predecessor-version":[{"id":1462,"href":"http:\/\/www.b-school.be\/wordpress\/wp-json\/wp\/v2\/pages\/369\/revisions\/1462"}],"wp:attachment":[{"href":"http:\/\/www.b-school.be\/wordpress\/wp-json\/wp\/v2\/media?parent=369"}],"curies":[{"name":"wp","href":"https:\/\/api.w.org\/{rel}","templated":true}]}}