{"id":66,"date":"2015-10-15T13:08:18","date_gmt":"2015-10-15T12:08:18","guid":{"rendered":"http:\/\/www.b-school.be\/wordpress\/?page_id=66"},"modified":"2021-09-17T15:09:54","modified_gmt":"2021-09-17T14:09:54","slug":"horaires","status":"publish","type":"page","link":"http:\/\/www.b-school.be\/wordpress\/horaires\/","title":{"rendered":"Horaires"},"content":{"rendered":"\t\t<div data-elementor-type=\"wp-page\" data-elementor-id=\"66\" class=\"elementor elementor-66\" data-elementor-settings=\"[]\">\n\t\t\t\t\t\t<div class=\"elementor-inner\">\n\t\t\t\t\t\t\t<div class=\"elementor-section-wrap\">\n\t\t\t\t\t\t\t<section class=\"elementor-section elementor-top-section elementor-element elementor-element-455cb60a elementor-section-boxed elementor-section-height-default elementor-section-height-default\" data-id=\"455cb60a\" data-element_type=\"section\">\n\t\t\t\t\t\t<div class=\"elementor-container elementor-column-gap-default\">\n\t\t\t\t\t\t\t<div class=\"elementor-row\">\n\t\t\t\t\t<div class=\"elementor-column elementor-col-100 elementor-top-column elementor-element elementor-element-41869026\" data-id=\"41869026\" data-element_type=\"column\">\n\t\t\t<div class=\"elementor-column-wrap elementor-element-populated\">\n\t\t\t\t\t\t\t<div class=\"elementor-widget-wrap\">\n\t\t\t\t\t\t<div class=\"elementor-element elementor-element-167e6f3 elementor-widget elementor-widget-text-editor\" data-id=\"167e6f3\" data-element_type=\"widget\" data-widget_type=\"text-editor.default\">\n\t\t\t\t<div class=\"elementor-widget-container\">\n\t\t\t\t\t\t\t\t<div class=\"elementor-text-editor elementor-clearfix\">\n\t\t\t\t<p>Le module des horaires permet la consultation des horaires des \u00e9l\u00e8ves, des classes, des enseignants et des locaux.<\/p>\n<p>En lien avec ceux-ci, il est possible de r\u00e9server des locaux, prendre les pr\u00e9sences et compl\u00e9ter un journal de classe + un agenda (voir description des modules correspondants). Il est \u00e9galement possible d&rsquo;encoder des \u00e9v\u00e9nements (en ce compris le travail collaboratif).<\/p>\n<p>Un seul encodage de l&rsquo;horaire (soit par le gestionnaire, soit par l&rsquo;enseignant lui-m\u00eame, soit via un transfert EDT) permet de g\u00e9n\u00e9rer l&rsquo;<span style=\"color: #eb6038;\"><strong>horaire de l&rsquo;enseignant, des \u00e9l\u00e8ves, des classes et des locaux<\/strong><\/span>.<\/p>\n<p>L&rsquo;horaire de l&rsquo;\u00e9l\u00e8ve est par ailleurs disponible dans B-Student et dans B-Parent.<\/p>\n<p>&nbsp;<\/p>\n<!-- wp:image {\"align\":\"center\",\"id\":1359,\"sizeSlug\":\"full\",\"linkDestination\":\"media\"} -->\n<div class=\"wp-block-image\">\n<figure class=\"aligncenter size-full\"><a href=\"http:\/\/www.b-school.be\/wordpress\/wp-content\/uploads\/2021\/09\/Horaires.png\"><img loading=\"lazy\" width=\"125\" height=\"124\" class=\"wp-image-1359\" src=\"http:\/\/www.b-school.be\/wordpress\/wp-content\/uploads\/2021\/09\/Horaires.png\" alt=\"\" srcset=\"http:\/\/www.b-school.be\/wordpress\/wp-content\/uploads\/2021\/09\/Horaires.png 125w, http:\/\/www.b-school.be\/wordpress\/wp-content\/uploads\/2021\/09\/Horaires-60x60.png 60w\" sizes=\"(max-width: 125px) 100vw, 125px\" \/><\/a><\/figure>\n<\/div>\n<!-- \/wp:image -->\t\t\t\t\t<\/div>\n\t\t\t\t\t\t<\/div>\n\t\t\t\t<\/div>\n\t\t\t\t\t\t<\/div>\n\t\t\t\t\t<\/div>\n\t\t<\/div>\n\t\t\t\t\t\t\t\t<\/div>\n\t\t\t\t\t<\/div>\n\t\t<\/section>\n\t\t\t\t\t\t<\/div>\n\t\t\t\t\t\t<\/div>\n\t\t\t\t\t<\/div>\n\t\t","protected":false},"excerpt":{"rendered":"<p>Le module des horaires permet la consultation des horaires des \u00e9l\u00e8ves, des classes, des enseignants et des locaux. En lien avec ceux-ci, il est possible &hellip; <\/p>\n","protected":false},"author":1,"featured_media":0,"parent":0,"menu_order":0,"comment_status":"closed","ping_status":"closed","template":"","meta":[],"_links":{"self":[{"href":"http:\/\/www.b-school.be\/wordpress\/wp-json\/wp\/v2\/pages\/66"}],"collection":[{"href":"http:\/\/www.b-school.be\/wordpress\/wp-json\/wp\/v2\/pages"}],"about":[{"href":"http:\/\/www.b-school.be\/wordpress\/wp-json\/wp\/v2\/types\/page"}],"author":[{"embeddable":true,"href":"http:\/\/www.b-school.be\/wordpress\/wp-json\/wp\/v2\/users\/1"}],"replies":[{"embeddable":true,"href":"http:\/\/www.b-school.be\/wordpress\/wp-json\/wp\/v2\/comments?post=66"}],"version-history":[{"count":14,"href":"http:\/\/www.b-school.be\/wordpress\/wp-json\/wp\/v2\/pages\/66\/revisions"}],"predecessor-version":[{"id":1429,"href":"http:\/\/www.b-school.be\/wordpress\/wp-json\/wp\/v2\/pages\/66\/revisions\/1429"}],"wp:attachment":[{"href":"http:\/\/www.b-school.be\/wordpress\/wp-json\/wp\/v2\/media?parent=66"}],"curies":[{"name":"wp","href":"https:\/\/api.w.org\/{rel}","templated":true}]}}